{"id":19,"date":"2017-03-11T18:27:10","date_gmt":"2017-03-11T18:27:10","guid":{"rendered":"http:\/\/www.ec.tuwien.ac.at\/rectour2017\/?page_id=19"},"modified":"2017-09-19T13:18:07","modified_gmt":"2017-09-19T13:18:07","slug":"program","status":"publish","type":"page","link":"https:\/\/www.ec.tuwien.ac.at\/rectour2017\/program\/","title":{"rendered":"Program"},"content":{"rendered":"<h3>Workshop Program<\/h3>\n<h4><strong>9:00 \u2013 10:30 Session 1: Opening and Keynote Presentation<\/strong><\/h4>\n<ul>\n<li>Workshop opening [<a href=\"http:\/\/www.ec.tuwien.ac.at\/rectour2017\/wp-content\/uploads\/2017\/08\/RecTour2017_Opening.pdf\" target=\"_blank\" rel=\"noopener\">Slides<\/a>]<\/li>\n<li>Keynote\u00a0<a href=\"http:\/\/www.ec.tuwien.ac.at\/rectour2017\/keynote\/\" target=\"_blank\" rel=\"noopener\"><em>Opportunities &amp; Challenges in Personalised Travel\u00a0<\/em>by\u00a0Neal Lathia<\/a>\u00a0(Skyscanner,\u00a0UK) [<a href=\"http:\/\/www.ec.tuwien.ac.at\/rectour2017\/wp-content\/uploads\/2017\/09\/RecTour2017_Keynote.pdf\">Slides<\/a>]<\/li>\n<\/ul>\n<h4><strong>10:30 \u2013 11:00 Coffee break<\/strong><\/h4>\n<h4><strong>11:00 \u2013 12:30 Session 2: Long Paper Presentations\u00a0<\/strong><\/h4>\n<ul>\n<li>Enrico Palumbo, Giuseppe Rizzo, Rapha\u00ebl Troncy and Elena Baralis:\u00a0<em>Predicting Your Next Stop-over from Location-based Social Network Data with Recurrent Neural Networks.\u00a0<\/em>[<a href=\"http:\/\/ceur-ws.org\/Vol-1906\/paper1.pdf\" target=\"_blank\" rel=\"noopener\">Paper<\/a>] [<a href=\"http:\/\/www.ec.tuwien.ac.at\/rectour2017\/wp-content\/uploads\/2017\/08\/RecTour2017_Palumbo.pdf\">Slides<\/a>]<\/li>\n<li>Victor Anthony Arrascue Ayala, Kemal Cagin G\u00fclsen, Anas Alzogbi, Michael F\u00e4rber, Marco Mu\u00f1iz and Georg Lausen:\u00a0<em>A Delay-Robust Touristic Plan Recommendation Using Real-World Public Transportation Information.\u00a0<\/em>[<a href=\"http:\/\/ceur-ws.org\/Vol-1906\/paper2.pdf\" target=\"_blank\" rel=\"noopener\">Paper<\/a>] [<a href=\"http:\/\/www.ec.tuwien.ac.at\/rectour2017\/wp-content\/uploads\/2017\/08\/RecTour2017_Arrascue_Ayala.pdf\">Slides<\/a>]<\/li>\n<li>Christopher La\u00df, Daniel Herzog and Wolfgang W\u00f6rndl:\u00a0<em>Context-Aware Tourist Trip Recommendations.\u00a0<\/em>[<a href=\"http:\/\/ceur-ws.org\/Vol-1906\/paper3.pdf\" target=\"_blank\" rel=\"noopener\">Paper<\/a>]<\/li>\n<\/ul>\n<p>(20 minutes presentation and 10 minutes discussion per paper)<\/p>\n<h4><strong>12:30 \u2013 14:00<\/strong> Lunch break<\/h4>\n<h4><strong>14:00 \u2013 15:30<\/strong> <strong>Session 3: Short and Position Paper Presentations<\/strong><\/h4>\n<ul>\n<li>Gunjan Kumar, Houssem Jerbi and Michael O\u2019Mahony:\u00a0<em>Towards the Recommendation of Personalised Activity Sequences in the Tourism Domain.\u00a0<\/em>[<a href=\"http:\/\/ceur-ws.org\/Vol-1906\/paper4.pdf\" target=\"_blank\" rel=\"noopener\">Paper<\/a>] [<a href=\"http:\/\/www.ec.tuwien.ac.at\/rectour2017\/wp-content\/uploads\/2017\/08\/RecTour2017_Kumar.pdf\">Slides<\/a>]<\/li>\n<li>Diana Nurbakova, L\u00e9a Laporte, Sylvie Calabretto and Jerome Gensel:\u00a0<em>Itinerary Recommendation for Cruises: User Study.<\/em><em>\u00a0<\/em>[<a href=\"http:\/\/ceur-ws.org\/Vol-1906\/paper5.pdf\" target=\"_blank\" rel=\"noopener\">Paper<\/a>] [<a href=\"http:\/\/www.ec.tuwien.ac.at\/rectour2017\/wp-content\/uploads\/2017\/08\/RecTour2017_Nurbakova.pdf\">Slides<\/a>]<\/li>\n<li>Tom Gross:\u00a0<em>Group Recommender Systems in Tourism: From Predictions to Decisions.<\/em><em>\u00a0<\/em>[<a href=\"http:\/\/ceur-ws.org\/Vol-1906\/paper7.pdf\" target=\"_blank\" rel=\"noopener\">Paper<\/a>]<\/li>\n<li>Catalin-Mihai Barbu and J\u00fcrgen Ziegler:\u00a0<em>Co-Staying: A Social Network for Increasing the Trustworthiness of Hotel Recommendations.<\/em><em>\u00a0<\/em>[<a href=\"http:\/\/ceur-ws.org\/Vol-1906\/paper6.pdf\" target=\"_blank\" rel=\"noopener\">Paper<\/a>]\u00a0[<a href=\"http:\/\/www.ec.tuwien.ac.at\/rectour2017\/wp-content\/uploads\/2017\/08\/RecTour2017_Barbu.pdf\" target=\"_blank\" rel=\"noopener\">Slides<\/a>]<\/li>\n<\/ul>\n<p>(12 minutes presentation and 10 minutes discussion per paper)<\/p>\n<h4><strong>15:30 \u2013 16:00<\/strong>\u00a0Coffee break<\/h4>\n<h4><strong>16:00 \u2013 17:30<\/strong> <strong>Session 4: Panel Discussion and Workshop Closing<\/strong><\/h4>\n<ul>\n<li><a href=\"http:\/\/www.ec.tuwien.ac.at\/rectour2017\/panel-discussion\/\">Panel discussion<\/a>: <em>Specific challenges for tourism recommender systems seen from the academic and the the industry perspective.\u00a0<\/em>\n<ul>\n<li>Neal Lathia\u00a0(Skyscanner, UK)<\/li>\n<li>Markus Zanker (University of Bozen\/Bolzano, Italy) [<a href=\"http:\/\/www.ec.tuwien.ac.at\/rectour2017\/wp-content\/uploads\/2017\/03\/RecTour2017_Zanker.pdf\" target=\"_blank\" rel=\"noopener\">Slides<\/a>]<\/li>\n<li>David Zibriczky (trivago, Germany) [<a href=\"http:\/\/www.ec.tuwien.ac.at\/rectour2017\/wp-content\/uploads\/2017\/09\/Rectour2017_Zibriczky.pdf\" target=\"_blank\" rel=\"noopener\">Slides<\/a>]<\/li>\n<\/ul>\n<\/li>\n<li>Workshop closing<\/li>\n<\/ul>\n<h4><\/h4>\n<p>The workshop proceedings have been published online by\u00a0by CEUR Workshop Proceedings (<a href=\"http:\/\/ceur-ws.org\/Vol-1906\/\" target=\"_blank\" rel=\"noopener\"><span class=\"CEURVOLNR\">Vol-1906<\/span><\/a>). They\u00a0can also be downloaded <a href=\"http:\/\/www.ec.tuwien.ac.at\/rectour2017\/wp-content\/uploads\/2017\/08\/RecTour2017_Proceedings.pdf\" target=\"_blank\" rel=\"noopener\">here<\/a>\u00a0in a\u00a0single PDF file (6.5 MB).<\/p>\n","protected":false},"excerpt":{"rendered":"<p>Workshop Program 9:00 \u2013 10:30 Session 1: Opening and Keynote Presentation Workshop opening [Slides] Keynote\u00a0Opportunities &amp; Challenges in Personalised Travel\u00a0by\u00a0Neal Lathia\u00a0(Skyscanner,\u00a0UK) [Slides] 10:30 \u2013 11:00 Coffee break 11:00 \u2013 12:30 Session 2: Long Paper Presentations\u00a0 Enrico Palumbo, Giuseppe Rizzo, Rapha\u00ebl&#8230;<br \/><a class=\"read-more-button\" href=\"https:\/\/www.ec.tuwien.ac.at\/rectour2017\/program\/\">Read more<\/a><\/p>\n","protected":false},"author":2,"featured_media":0,"parent":0,"menu_order":0,"comment_status":"closed","ping_status":"closed","template":"","meta":{"footnotes":""},"class_list":["post-19","page","type-page","status-publish","hentry"],"_links":{"self":[{"href":"https:\/\/www.ec.tuwien.ac.at\/rectour2017\/wp-json\/wp\/v2\/pages\/19","targetHints":{"allow":["GET"]}}],"collection":[{"href":"https:\/\/www.ec.tuwien.ac.at\/rectour2017\/wp-json\/wp\/v2\/pages"}],"about":[{"href":"https:\/\/www.ec.tuwien.ac.at\/rectour2017\/wp-json\/wp\/v2\/types\/page"}],"author":[{"embeddable":true,"href":"https:\/\/www.ec.tuwien.ac.at\/rectour2017\/wp-json\/wp\/v2\/users\/2"}],"replies":[{"embeddable":true,"href":"https:\/\/www.ec.tuwien.ac.at\/rectour2017\/wp-json\/wp\/v2\/comments?post=19"}],"version-history":[{"count":40,"href":"https:\/\/www.ec.tuwien.ac.at\/rectour2017\/wp-json\/wp\/v2\/pages\/19\/revisions"}],"predecessor-version":[{"id":223,"href":"https:\/\/www.ec.tuwien.ac.at\/rectour2017\/wp-json\/wp\/v2\/pages\/19\/revisions\/223"}],"wp:attachment":[{"href":"https:\/\/www.ec.tuwien.ac.at\/rectour2017\/wp-json\/wp\/v2\/media?parent=19"}],"curies":[{"name":"wp","href":"https:\/\/api.w.org\/{rel}","templated":true}]}}